nder when b is divided by 1?
0
Let t = 311 - 157. Calculate the remainder when t is divided by 26.
24
Suppose 5*n - n - 92 = 0. Calculate the remainder when n is divided by 6.
5
Let q be 10/55 - 114/22. Let x = 32 + q. What is the remainder when x is divided by 10?
7
What is the remainder when 2/4 - (-107)/2 is divided by 14?
12
Let f(l) be the first derivative of 2 - 2*l**2 - l + 1 - 4. What is the remainder when 31 is divided by f(-3)?
9
Suppose y + 0 = 4, -2*y - 56 = -4*n. Suppose -b = -4*b. Suppose 116 = -b*z + 4*z. Calculate the remainder when z is divided by n.
13
Suppose -4*h - 5 = -13. What is the remainder when 3 is divided by h?
1
Let g = -128 - -135. What is the remainder when 18 is divided by g?
4
Let j(k) = -k**2 - 5*k + 5. Suppose 30 = 6*z - 0*z. Suppose -z*d - 2*i = -6, 0 = -2*d - 3*d - 4*i + 2. Calculate the remainder when j(-5) is divided by d.
1
Calculate the remainder when 37 is divided by (-9 - -9) + (-10)/(-1).
7
Suppose 3*l - 4*l = 0. Suppose -5 = -l*h + 5*h. Calculate the remainder when 40 is divided by ((-2 - -1) + h)*-7.
12
Suppose 6*r - 55 - 11 = 0. Calculate the remainder when 2/6 + 375/9 is divided by r.
9
Let k = 1 + -2. Let v(n) = 3*n**2 + n. Let w be v(k). Let j = 6 + w. Calculate the remainder when 22 is divided by j.
6
Let m(a) = 3*a + 1. Let u be m(-1). Suppose -l - 4*l - 15 = -5*w, -5*w + 12 = -2*l. What is the remainder when w is divided by (4/u)/(-2 + 1)?
0
Let b(i) = -4 + 2 + i - 3*i. Calculate the remainder when 5 is divided by b(-2).
1
Let m = -71 - -92. Calculate the remainder when 38 is divided by m.
17
Suppose 227 = 4*s - 249. Let f = s - 84. What is the remainder when f is divided by 9?
8
Let k = -139 - -236. Let d = -14 + 39. Calculate the remainder when k is divided by d.
22
Calculate the remainder when 7/(-5)*(-10)/2 is divided by 2.
1
Suppose 4*t - 158 = -30. What is the remainder when t is divided by 20?
12
Suppose 2*n + 0*m = -3*m + 126, -4*n = -2*m - 252. What is the remainder when n is divided by 33?
30
Let d be 28/(-6) + 4/6. Let m = 6 + d. What is the remainder when m is divided by 1?
0
Suppose b = -b + 76. What is the remainder when b is divided by 14?
10
Suppose 0 = a - 4*b - 98, -2*a + 6*b + 160 = 10*b. Calculate the remainder when a is divided by 18.
14
Calculate the remainder when -31*9/(9/(-2)) is divided by 16.
14
Suppose -5*b = c - 60, -3*c - c + 9 = -b. Let y(j) = 3*j - 11. Suppose 3*z + 30 = 3*q, 3*z + 6 = -4*q + 3*q. What is the remainder when y(b) is divided by q?
4
Let z(d) = -d**3 - 4*d**2 - 4*d. Let x be z(-4). Suppose -2*a + x = -112. Calculate the remainder when a is divided by 22.
20
Suppose -44 = 2*p - 3*p. What is the remainder when p is divided by 154/11 + -1 + 2?
14
What is the remainder when (-165)/(-6) + (-4)/(-8) is divided by 15?
13
Calculate the remainder when 45 is divided by (3 - (-2 + -1))*(-8)/(-3).
13
Suppose -7 = -4*l + 93. Suppose 2*r = -2*r. Let s(c) = c**3 - c + 14. What is the remainder when l is divided by s(r)?
11
Let o be 2/12 + 87/18. Suppose 2*k + g - o*g = 46, -k - 2*g = -7. Suppose z + 3 = 11. What is the remainder when k is divided by z?
7
Suppose 5 = -c + 2*c. Suppose 0 = 2*x - 11 - c. Let z = 2 + x. Calculate the remainder when 18 is divided by z.
8
Suppose -714 = c - 15*c. What is the remainder when c is divided by 14?
9
Suppose 1106 = 88*l - 9*l. Let c(f) = -8*f. Let u be c(-2). Suppose 0 = -5*v + 24 + u. Calculate the remainder when l is divided by v.
6
Suppose -9*d = -294 + 15. Suppose 3*o - 18 - 255 = 0. What is the remainder when o is divided by d?
29
Let c = -12 + 18. Suppose c*q - 2*q - 12 = 0. Calculate the remainder when 10 is divided by q.
1
Let l be 3/(-2) - 15/(-6). Suppose 2*a - 3 = -l. Let o(i) = 10*i + 1. Calculate the remainder when 43 is divided by o(a).
10
Suppose 3*p - 5*o - 44 = 0, 0 = p + p - o - 20. Suppose -4*x = -a - 84, 2*a = 5*x - 4*x - 14. Calculate the remainder when x is divided by p.
6
Suppose -p - 9 = -5*h, -5*h - p + 4*p = -17. Suppose 4 = 3*x - x. What is the remainder when x is divided by h?
0
Suppose 3*t + 0*t = 9. Suppose 3*v - 2*v + 7 = 0. Let n = v + 12. Calculate the remainder when n is divided by t.
2
Let j(g) = g**3 + 6*g**2 - g + 2. Let o be j(-6). Suppose 3*n + 90 = o*n. Calculate the remainder when 35 is divided by n.
17
Suppose -3*b - 4*n + n = -99, -4*b + n = -127. What is the remainder when 127 is divided by b?
31
Suppose -5*v - 10 = 0, s + 5*v - 1520 = 6*s. Calculate the remainder when 39 is divided by s/(-15) + 2/(-5).
19
Suppose -5*v - 285 = -0*n - 5*n, 2*n + v = 105. What is the remainder when 323 is divided by n?
53
Suppose 15 = k - 11. Suppose -2 = -2*g + k. What is the remainder when g is divided by 4?
2
Let l = 14 + -7. Suppose -5 - l = -2*p. Suppose -4*c = c - 20. Calculate the remainder when p is divided by c.
2
Let k(v) = v**2 + 4*v + 3. Let u be k(-3). Suppose u = -2*h - 4 + 46. What is the remainder when 39 is divided by h?
18
Suppose -10*o = -6*o - 56. Let y(r) = 3*r**2 + 2*r + 1. What is the remainder when y(-4) is divided by o?
13
Suppose -4*d + 12*a - 9*a = -202, 2 = -a. Calculate the remainder when 194 is divided by d.
47
Suppose -13*n = -14*n + 9. Let f = -7 + n. What is the remainder when 2 is divided by f?
0
Let y = 24 - 8. Calculate the remainder when 62 is divided by y.
14
Let n(p) = 14*p**2 + 7*p - 1. What is the remainder when n(-3) is divided by 27?
23
Let k be ((-16)/(-12))/((-6)/9). What is the remainder when (-46)/3*3/k is divided by 6?
5
Let q = -5 + 15. What is the remainder when 77 is divided by q?
7
Suppose 3*l + 5*v = -9, -2*l + 0*l - 7 = 3*v. What is the remainder when ((-12)/l)/(3/92) is divided by 16/(-5)*(-7 + 2)?
14
Let r(s) = -4*s**2 + 10*s + 6. Let j be r(6). What is the remainder when 1/(j/(-76) + -1) is divided by 10?
8
Let z = 19 - 7. Let t(b) = 2*b**3 + b**2 - b + 5. Calculate the remainder when t(2) is divided by z.
11
Let v(f) = f**2 - 6*f + 4. What is the remainder when 12 - 2*1/2 is divided by v(6)?
3
Let i = 126 - 102. Calculate the remainder when 91 is divided by i.
19
Suppose -4*a + 8 = 0, -14 = -5*k + 4*a + 3. Let p = 15 - 6. What is the remainder when p is divided by k?
4
Let k = 11 - 5. Calculate the remainder when 23 is divided by k.
5
Suppose 3 + 3 = 3*z. Suppose -3*m + z*m = -4*w + 4, 2*w = 4*m - 54. Let v = 36 + -6. Calculate the remainder when v is divided by m.
14
Suppose -43 = -5*x + 7. Calculate the remainder when x is divided by 3.
1
Calculate the remainder when 59 is divided by ((-4)/6 - 0)/(22/(-330)).
9
Calculate the remainder when 8/((-2)/(0 + -2 + -21)) is divided by 24.
20
Suppose -5*l + 25 + 85 = 0. Let h = 10 + l. Suppose -f = -3*u - 2*u + 72, h = 2*u - 2*f. What is the remainder when 40 is divided by u?
12
Suppose -9 = -4*i + 3. Suppose i*f = -f + 20. Calculate the remainder when f is divided by 4.
1
Suppose 5*t + 4*w - 53 = 0, 2*t - 7*t + w = -43. Calculate the remainder when 25 is divided by t.
7
Suppose 28*y = 24*y + 64. What is the remainder when y is divided by 5?
1
Suppose j - 5*j + 4 = 0. What is the remainder when 37 + j - (1 + -3) is divided by 14?
12
Let b(m) = m**3 + m**2 - 4*m + 4. Calculate the remainder when 111 is divided by b(3).
27
Let p(d) = -8*d + 4. Let q(i) = -7*i + 5. Let j(h) = -6*p(h) + 7*q(h). Let x(u) = 5*u**2 + 4*u - 1. What is the remainder when x(-3) is divided by j(0)?
10
Let p(s) = s**3 + 6*s**2 - 2*s + 3. Suppose 5*y - 29 = -0*h + h, 14 = -h + 2*y. Let u = 32 - 17. What is the remainder when p(h) is divided by u?
13
Suppose -5*t = -2*q + 3, q - 3*t - 24 = -5*t. Calculate the remainder when 41 is divided by q.
13
Suppose -5*u = x - 45, 0 = -0*u + u + x - 9. Calculate the remainder when 25 is divided by u.
7
Let o(j) = -20*j**3 + j**2 + j. Let q be o(-1). Suppose 0 = 4*l + l - q. Calculate the remainder when l is divided by 3.
1
Suppose -4*d = 18*d - 176. What is the remainder when 51 is divided by d?
3
Suppose 4 = -y - y + 4*h, 4*h = 4*y. Suppose p + 0*p = 4. What is the remainder when p is divided by y?
0
Let h(s) = -s**2 + 6*s + 9. Let u be h(8). Let t = 19 + u. Calculate the remainder when 45 is divided by t.
9
Let q(c) = 12*c + 4. What is the remainder when q(3) is divided by 14?
12
Let p = 57 - 19. Calculate the remainder when p is divided by 12.
2
Let z(s) = -s**2 + 6*s - 2. Let m be 